{"id":11798,"date":"2007-10-24T15:03:17","date_gmt":"2007-10-24T19:03:17","guid":{"rendered":"https:\/\/cssspnql.com\/produit\/suicide-among-aboriginal-people-in-canada\/"},"modified":"2023-04-25T08:53:44","modified_gmt":"2023-04-25T12:53:44","slug":"suicide-among-aboriginal-people-in-canada","status":"publish","type":"product","link":"https:\/\/cssspnql.com\/en\/produit\/suicide-among-aboriginal-people-in-canada\/","title":{"rendered":"Suicide Among Aboriginal People in Canada"},"content":{"rendered":"<p>This report was prepared under contract with the Aboriginal Healing Foundation, and supported by grants from the Fonds de la recherche en sant\u00e9 du Qu\u00e9bec, the Conseil qu\u00e9becois de la recherche sociale, and the Institute for Aboriginal Peoples Health of the Canadian Institutes for Health Research. These agencies, however, bear no responsibility for its content.<\/p>\n<p>The literature review was undertaken with the assistance of Elizabeth Anthony, Margaret Cargo, Genevieve Garneau, Arlene Lalibert\u00e9, Katherine Gofton, Elizabeth A.M. Guerrier, Melissa Mair, Chantal Robillard, Lara Stern, Hani Tamim, and Catherine Zygmuntowicz. Marcelle Durrum, Marsha Vicaire, and Claire Fantus provided editorial help. I thank Kay Berckmans, and Antonella Clerici for administrative support.<br \/>\nThe text of this report is based in large part on earlier papers and reports by the Aboriginal Mental Health Research Team (Kirmayer et al., 1993a; 1993b; 1994a; 1999). The contributors to these earlier reports were: Lucy Boothroyd, Louise Bujold-Brown, Rose DuFour, Nadia Ferrara, Kathryn Gill, Barbara Hayton, Vania Jimenez, Arlene Lalibert\u00e9, Brenda Laronde Simpson, Michael Malus, Consuelo Quesney, Andr\u00e9 Smith, Yeshim Ternar, and Terri Yu.<\/p>\n","protected":false},"excerpt":{"rendered":"<p>Num\u00e9ro d&#8217;article: C0696<\/p>\n","protected":false},"featured_media":12338,"template":"","meta":{"_acf_changed":false},"product_brand":[],"product_cat":[331,328],"product_tag":[],"class_list":{"0":"post-11798","1":"product","2":"type-product","3":"status-publish","4":"has-post-thumbnail","6":"product_cat-promoting-life-and-preventing-suicide","7":"product_cat-psychosocial-support","8":"pa_auteurs-fondation-autochtone-de-guerison-en","9":"pa_document-type-digital","10":"pa_numeros-darticle-c0696","11":"pa_topic-residential-school","13":"first","14":"instock","15":"product-type-simple"},"acf":[],"yoast_head":"<!-- This site is optimized with the Yoast SEO plugin v27.1.1 - https:\/\/yoast.com\/product\/yoast-seo-wordpress\/ -->\n<title>Suicide Among Aboriginal People in Canada - CSSSPNQL<\/title>\n<meta name=\"robots\" content=\"index, follow, max-snippet:-1, max-image-preview:large, max-video-preview:-1\" \/>\n<link rel=\"canonical\" href=\"https:\/\/cssspnql.com\/en\/produit\/suicide-among-aboriginal-people-in-canada\/\" \/>\n<meta property=\"og:locale\" content=\"en_US\" \/>\n<meta property=\"og:type\" content=\"article\" \/>\n<meta property=\"og:title\" content=\"Suicide Among Aboriginal People in Canada - CSSSPNQL\" \/>\n<meta property=\"og:description\" content=\"Num\u00e9ro d&#039;article: C0696\" \/>\n<meta property=\"og:url\" content=\"https:\/\/cssspnql.com\/en\/produit\/suicide-among-aboriginal-people-in-canada\/\" \/>\n<meta property=\"og:site_name\" content=\"CSSSPNQL\" \/>\n<meta property=\"article:modified_time\" content=\"2023-04-25T12:53:44+00:00\" \/>\n<meta property=\"og:image\" content=\"https:\/\/cssspnql.com\/wp-content\/uploads\/2022\/11\/C0696-E.jpg\" \/>\n\t<meta property=\"og:image:width\" content=\"800\" \/>\n\t<meta property=\"og:image:height\" content=\"800\" \/>\n\t<meta property=\"og:image:type\" content=\"image\/jpeg\" \/>\n<meta name=\"twitter:card\" content=\"summary_large_image\" \/>\n<meta name=\"twitter:label1\" content=\"Est. reading time\" \/>\n\t<meta name=\"twitter:data1\" content=\"1 minute\" \/>\n<script type=\"application\/ld+json\" class=\"yoast-schema-graph\">{\"@context\":\"https:\/\/schema.org\",\"@graph\":[{\"@type\":\"WebPage\",\"@id\":\"https:\/\/cssspnql.com\/en\/produit\/suicide-among-aboriginal-people-in-canada\/\",\"url\":\"https:\/\/cssspnql.com\/en\/produit\/suicide-among-aboriginal-people-in-canada\/\",\"name\":\"Suicide Among Aboriginal People in Canada - CSSSPNQL\",\"isPartOf\":{\"@id\":\"https:\/\/cssspnql.com\/en\/#website\"},\"primaryImageOfPage\":{\"@id\":\"https:\/\/cssspnql.com\/en\/produit\/suicide-among-aboriginal-people-in-canada\/#primaryimage\"},\"image\":{\"@id\":\"https:\/\/cssspnql.com\/en\/produit\/suicide-among-aboriginal-people-in-canada\/#primaryimage\"},\"thumbnailUrl\":\"https:\/\/cssspnql.com\/wp-content\/uploads\/2022\/11\/C0696-E.jpg\",\"datePublished\":\"2007-10-24T19:03:17+00:00\",\"dateModified\":\"2023-04-25T12:53:44+00:00\",\"breadcrumb\":{\"@id\":\"https:\/\/cssspnql.com\/en\/produit\/suicide-among-aboriginal-people-in-canada\/#breadcrumb\"},\"inLanguage\":\"en-US\",\"potentialAction\":[{\"@type\":\"ReadAction\",\"target\":[\"https:\/\/cssspnql.com\/en\/produit\/suicide-among-aboriginal-people-in-canada\/\"]}]},{\"@type\":\"ImageObject\",\"inLanguage\":\"en-US\",\"@id\":\"https:\/\/cssspnql.com\/en\/produit\/suicide-among-aboriginal-people-in-canada\/#primaryimage\",\"url\":\"https:\/\/cssspnql.com\/wp-content\/uploads\/2022\/11\/C0696-E.jpg\",\"contentUrl\":\"https:\/\/cssspnql.com\/wp-content\/uploads\/2022\/11\/C0696-E.jpg\",\"width\":800,\"height\":800},{\"@type\":\"BreadcrumbList\",\"@id\":\"https:\/\/cssspnql.com\/en\/produit\/suicide-among-aboriginal-people-in-canada\/#breadcrumb\",\"itemListElement\":[{\"@type\":\"ListItem\",\"position\":1,\"name\":\"Home\",\"item\":\"https:\/\/cssspnql.com\/en\/\"},{\"@type\":\"ListItem\",\"position\":2,\"name\":\"Documentation centre\",\"item\":\"https:\/\/cssspnql.com\/en\/documentation-centre\/\"},{\"@type\":\"ListItem\",\"position\":3,\"name\":\"Psychosocial support\",\"item\":\"https:\/\/cssspnql.com\/en\/categorie-produit\/psychosocial-support\/\"},{\"@type\":\"ListItem\",\"position\":4,\"name\":\"Promoting life and preventing suicide\",\"item\":\"https:\/\/cssspnql.com\/en\/categorie-produit\/psychosocial-support\/promoting-life-and-preventing-suicide\/\"},{\"@type\":\"ListItem\",\"position\":5,\"name\":\"Suicide Among Aboriginal People in Canada\"}]},{\"@type\":\"WebSite\",\"@id\":\"https:\/\/cssspnql.com\/en\/#website\",\"url\":\"https:\/\/cssspnql.com\/en\/\",\"name\":\"CSSSPNQL\",\"description\":\"\",\"potentialAction\":[{\"@type\":\"SearchAction\",\"target\":{\"@type\":\"EntryPoint\",\"urlTemplate\":\"https:\/\/cssspnql.com\/en\/?s={search_term_string}\"},\"query-input\":{\"@type\":\"PropertyValueSpecification\",\"valueRequired\":true,\"valueName\":\"search_term_string\"}}],\"inLanguage\":\"en-US\"}]}<\/script>\n<!-- \/ Yoast SEO plugin. -->","yoast_head_json":{"title":"Suicide Among Aboriginal People in Canada - CSSSPNQL","robots":{"index":"index","follow":"follow","max-snippet":"max-snippet:-1","max-image-preview":"max-image-preview:large","max-video-preview":"max-video-preview:-1"},"canonical":"https:\/\/cssspnql.com\/en\/produit\/suicide-among-aboriginal-people-in-canada\/","og_locale":"en_US","og_type":"article","og_title":"Suicide Among Aboriginal People in Canada - CSSSPNQL","og_description":"Num\u00e9ro d'article: C0696","og_url":"https:\/\/cssspnql.com\/en\/produit\/suicide-among-aboriginal-people-in-canada\/","og_site_name":"CSSSPNQL","article_modified_time":"2023-04-25T12:53:44+00:00","og_image":[{"width":800,"height":800,"url":"https:\/\/cssspnql.com\/wp-content\/uploads\/2022\/11\/C0696-E.jpg","type":"image\/jpeg"}],"twitter_card":"summary_large_image","twitter_misc":{"Est. reading time":"1 minute"},"schema":{"@context":"https:\/\/schema.org","@graph":[{"@type":"WebPage","@id":"https:\/\/cssspnql.com\/en\/produit\/suicide-among-aboriginal-people-in-canada\/","url":"https:\/\/cssspnql.com\/en\/produit\/suicide-among-aboriginal-people-in-canada\/","name":"Suicide Among Aboriginal People in Canada - CSSSPNQL","isPartOf":{"@id":"https:\/\/cssspnql.com\/en\/#website"},"primaryImageOfPage":{"@id":"https:\/\/cssspnql.com\/en\/produit\/suicide-among-aboriginal-people-in-canada\/#primaryimage"},"image":{"@id":"https:\/\/cssspnql.com\/en\/produit\/suicide-among-aboriginal-people-in-canada\/#primaryimage"},"thumbnailUrl":"https:\/\/cssspnql.com\/wp-content\/uploads\/2022\/11\/C0696-E.jpg","datePublished":"2007-10-24T19:03:17+00:00","dateModified":"2023-04-25T12:53:44+00:00","breadcrumb":{"@id":"https:\/\/cssspnql.com\/en\/produit\/suicide-among-aboriginal-people-in-canada\/#breadcrumb"},"inLanguage":"en-US","potentialAction":[{"@type":"ReadAction","target":["https:\/\/cssspnql.com\/en\/produit\/suicide-among-aboriginal-people-in-canada\/"]}]},{"@type":"ImageObject","inLanguage":"en-US","@id":"https:\/\/cssspnql.com\/en\/produit\/suicide-among-aboriginal-people-in-canada\/#primaryimage","url":"https:\/\/cssspnql.com\/wp-content\/uploads\/2022\/11\/C0696-E.jpg","contentUrl":"https:\/\/cssspnql.com\/wp-content\/uploads\/2022\/11\/C0696-E.jpg","width":800,"height":800},{"@type":"BreadcrumbList","@id":"https:\/\/cssspnql.com\/en\/produit\/suicide-among-aboriginal-people-in-canada\/#breadcrumb","itemListElement":[{"@type":"ListItem","position":1,"name":"Home","item":"https:\/\/cssspnql.com\/en\/"},{"@type":"ListItem","position":2,"name":"Documentation centre","item":"https:\/\/cssspnql.com\/en\/documentation-centre\/"},{"@type":"ListItem","position":3,"name":"Psychosocial support","item":"https:\/\/cssspnql.com\/en\/categorie-produit\/psychosocial-support\/"},{"@type":"ListItem","position":4,"name":"Promoting life and preventing suicide","item":"https:\/\/cssspnql.com\/en\/categorie-produit\/psychosocial-support\/promoting-life-and-preventing-suicide\/"},{"@type":"ListItem","position":5,"name":"Suicide Among Aboriginal People in Canada"}]},{"@type":"WebSite","@id":"https:\/\/cssspnql.com\/en\/#website","url":"https:\/\/cssspnql.com\/en\/","name":"CSSSPNQL","description":"","potentialAction":[{"@type":"SearchAction","target":{"@type":"EntryPoint","urlTemplate":"https:\/\/cssspnql.com\/en\/?s={search_term_string}"},"query-input":{"@type":"PropertyValueSpecification","valueRequired":true,"valueName":"search_term_string"}}],"inLanguage":"en-US"}]}},"_links":{"self":[{"href":"https:\/\/cssspnql.com\/en\/wp-json\/wp\/v2\/product\/11798","targetHints":{"allow":["GET"]}}],"collection":[{"href":"https:\/\/cssspnql.com\/en\/wp-json\/wp\/v2\/product"}],"about":[{"href":"https:\/\/cssspnql.com\/en\/wp-json\/wp\/v2\/types\/product"}],"wp:featuredmedia":[{"embeddable":true,"href":"https:\/\/cssspnql.com\/en\/wp-json\/wp\/v2\/media\/12338"}],"wp:attachment":[{"href":"https:\/\/cssspnql.com\/en\/wp-json\/wp\/v2\/media?parent=11798"}],"wp:term":[{"taxonomy":"product_brand","embeddable":true,"href":"https:\/\/cssspnql.com\/en\/wp-json\/wp\/v2\/product_brand?post=11798"},{"taxonomy":"product_cat","embeddable":true,"href":"https:\/\/cssspnql.com\/en\/wp-json\/wp\/v2\/product_cat?post=11798"},{"taxonomy":"product_tag","embeddable":true,"href":"https:\/\/cssspnql.com\/en\/wp-json\/wp\/v2\/product_tag?post=11798"}],"curies":[{"name":"wp","href":"https:\/\/api.w.org\/{rel}","templated":true}]}}

<p>This report was prepared under contract with the Aboriginal Healing Foundation, and supported by grants from the Fonds de la recherche en santé du Québec, the Conseil québecois de la recherche sociale, and the Institute for Aboriginal Peoples Health of the Canadian Institutes for Health Research. These agencies, however, bear no responsibility for its content.</p>
<p>The literature review was undertaken with the assistance of Elizabeth Anthony, Margaret Cargo, Genevieve Garneau, Arlene Laliberté, Katherine Gofton, Elizabeth A.M. Guerrier, Melissa Mair, Chantal Robillard, Lara Stern, Hani Tamim, and Catherine Zygmuntowicz. Marcelle Durrum, Marsha Vicaire, and Claire Fantus provided editorial help. I thank Kay Berckmans, and Antonella Clerici for administrative support.<br />
The text of this report is based in large part on earlier papers and reports by the Aboriginal Mental Health Research Team (Kirmayer et al., 1993a; 1993b; 1994a; 1999). The contributors to these earlier reports were: Lucy Boothroyd, Louise Bujold-Brown, Rose DuFour, Nadia Ferrara, Kathryn Gill, Barbara Hayton, Vania Jimenez, Arlene Laliberté, Brenda Laronde Simpson, Michael Malus, Consuelo Quesney, André Smith, Yeshim Ternar, and Terri Yu.</p>

<p>Numéro d&#8217;article: C0696</p>

<!-- This site is optimized with the Yoast SEO plugin v27.1.1 - https://yoast.com/product/yoast-seo-wordpress/ -->
<title>Suicide Among Aboriginal People in Canada - CSSSPNQL</title>
<meta name="robots" content="index, follow, max-snippet:-1, max-image-preview:large, max-video-preview:-1" />
<link rel="canonical" href="https://cssspnql.com/en/produit/suicide-among-aboriginal-people-in-canada/" />
<meta property="og:locale" content="en_US" />
<meta property="og:type" content="article" />
<meta property="og:title" content="Suicide Among Aboriginal People in Canada - CSSSPNQL" />
<meta property="og:description" content="Numéro d&#039;article: C0696" />
<meta property="og:url" content="https://cssspnql.com/en/produit/suicide-among-aboriginal-people-in-canada/" />
<meta property="og:site_name" content="CSSSPNQL" />
<meta property="article:modified_time" content="2023-04-25T12:53:44+00:00" />
<meta property="og:image" content="https://cssspnql.com/wp-content/uploads/2022/11/C0696-E.jpg" />
	<meta property="og:image:width" content="800" />
	<meta property="og:image:height" content="800" />
	<meta property="og:image:type" content="image/jpeg" />
<meta name="twitter:card" content="summary_large_image" />
<meta name="twitter:label1" content="Est. reading time" />
	<meta name="twitter:data1" content="1 minute" />
<script type="application/ld+json" class="yoast-schema-graph">{"@context":"https://schema.org","@graph":[{"@type":"WebPage","@id":"https://cssspnql.com/en/produit/suicide-among-aboriginal-people-in-canada/","url":"https://cssspnql.com/en/produit/suicide-among-aboriginal-people-in-canada/","name":"Suicide Among Aboriginal People in Canada - CSSSPNQL","isPartOf":{"@id":"https://cssspnql.com/en/#website"},"primaryImageOfPage":{"@id":"https://cssspnql.com/en/produit/suicide-among-aboriginal-people-in-canada/#primaryimage"},"image":{"@id":"https://cssspnql.com/en/produit/suicide-among-aboriginal-people-in-canada/#primaryimage"},"thumbnailUrl":"https://cssspnql.com/wp-content/uploads/2022/11/C0696-E.jpg","datePublished":"2007-10-24T19:03:17+00:00","dateModified":"2023-04-25T12:53:44+00:00","breadcrumb":{"@id":"https://cssspnql.com/en/produit/suicide-among-aboriginal-people-in-canada/#breadcrumb"},"inLanguage":"en-US","potentialAction":[{"@type":"ReadAction","target":["https://cssspnql.com/en/produit/suicide-among-aboriginal-people-in-canada/"]}]},{"@type":"ImageObject","inLanguage":"en-US","@id":"https://cssspnql.com/en/produit/suicide-among-aboriginal-people-in-canada/#primaryimage","url":"https://cssspnql.com/wp-content/uploads/2022/11/C0696-E.jpg","contentUrl":"https://cssspnql.com/wp-content/uploads/2022/11/C0696-E.jpg","width":800,"height":800},{"@type":"BreadcrumbList","@id":"https://cssspnql.com/en/produit/suicide-among-aboriginal-people-in-canada/#breadcrumb","itemListElement":[{"@type":"ListItem","position":1,"name":"Home","item":"https://cssspnql.com/en/"},{"@type":"ListItem","position":2,"name":"Documentation centre","item":"https://cssspnql.com/en/documentation-centre/"},{"@type":"ListItem","position":3,"name":"Psychosocial support","item":"https://cssspnql.com/en/categorie-produit/psychosocial-support/"},{"@type":"ListItem","position":4,"name":"Promoting life and preventing suicide","item":"https://cssspnql.com/en/categorie-produit/psychosocial-support/promoting-life-and-preventing-suicide/"},{"@type":"ListItem","position":5,"name":"Suicide Among Aboriginal People in Canada"}]},{"@type":"WebSite","@id":"https://cssspnql.com/en/#website","url":"https://cssspnql.com/en/","name":"CSSSPNQL","description":"","potentialAction":[{"@type":"SearchAction","target":{"@type":"EntryPoint","urlTemplate":"https://cssspnql.com/en/?s={search_term_string}"},"query-input":{"@type":"PropertyValueSpecification","valueRequired":true,"valueName":"search_term_string"}}],"inLanguage":"en-US"}]}</script>
<!-- / Yoast SEO plugin. -->

Numéro d'article: C0696
